et j = s - -36. Is j a composite number?
True
Let q be (-133)/28 + (-2)/8. Let d(m) = -6 - m - m + 30*m**2 + 7*m. Is d(q) composite?
False
Let d(a) = 93*a. Let m be d(-8). Let f = -406 - m. Suppose -3*q + 2*g = -4*q + 73, 0 = 5*q + g - f. Is q prime?
True
Let g(z) = z**2 - 16*z + 18. Let b be g(15). Suppose -3*q = -6*q - 4*t + 282, b*t = -4*q + 376. Is q composite?
True
Let y be (-4)/(-10) - 72/(-20). Let b be 18/(y/(-176)*1). Let w = b - -1211. Is w composite?
False
Let k(j) = -j**3 + 11*j**2 + 2*j - 8. Let s be k(11). Let d be (-2)/(-4) - (-7049)/s. Suppose 5*l - 311 = d. Is l composite?
False
Suppose 3*v = -2*u + 3*u - 364, -4*v = u - 399. Is u composite?
False
Is 0 + 38369 + (-16)/(-4) prime?
False
Suppose 0 = 5*x - 42774 + 5509. Is x a composite number?
True
Let p(u) = u + 8. Suppose 2*z + 0*z + 9 = -a, 3*a + 25 = -4*z. Let y be p(a). Is 0 - ((4 - 376) + y) prime?
False
Let y(d) = -3*d + 8. Let j = 15 - 11. Let r be y(j). Is ((-26)/(-4))/((-2)/r) composite?
False
Let b(t) = t**2 + 7*t - 5. Let a be b(-8). Suppose -2*z = -6*z - a*w + 850, -2*w + 424 = 2*z. Is z composite?
True
Suppose -5*z + 24 = z. Let t = -1 - -3. Suppose z*h = -t*m + 230, -4*m = -m - 4*h - 375. Is m prime?
False
Suppose 231788 = 35*m - 429747. Is m composite?
True
Suppose 3*c - 6*c + 3066 = 0. Let v = c - 719. Is v prime?
False
Suppose 0 = c + 2 - 3. Let x = 22 + c. Is x a composite number?
False
Let l(g) = g**3 - 5*g**2 + 2. Let d be l(5). Suppose 0 = -d*o + 8 - 0. Suppose -5*n = 3*c - 869, -o*c + 2*n = -0*c - 1176. Is c a prime number?
True
Let m = 7 - 40. Let c be m/(-15) - 2/10. Suppose -r + 241 = c*i + 2*i, -r - 2*i = -249. Is r a composite number?
False
Let k be (-4)/3 - (-3 + 20/12). Let i(o) = -3*o + 631. Is i(k) prime?
True
Let m(q) = 89*q + 2. Let w be m(1). Suppose -4*v - w = -795. Suppose 4*u + v = 1372. Is u composite?
True
Let s(k) = 3629*k**2 + 30*k + 30. Is s(-1) composite?
True
Suppose -25*r + 558554 = 3829. Is r composite?
False
Suppose 12333 = 4*x - x. Is x prime?
True
Let a(o) = 155*o**2 + 2*o + 7. Let c(b) = b**2 - 13*b + 16. Let g be c(12). Let v be a(g). Suppose 0*h - v = -5*h. Is h composite?
False
Let h(p) = p**3 + 10*p**2 + 3*p - 5. Let j be (2 + -3)/1*-19. Suppose 2*m + j = t, -18 = 4*m - 0*t + 2*t. Is h(m) composite?
True
Suppose 3*c - 31 = -2*c + 2*f, -3*f = 9. Suppose 831 = c*k - 424. Is k composite?
False
Let u be -4*(4 - 3) + -7. Let p = u + 21. Is -11*1*(-13 - p) a composite number?
True
Let t = -64 - -72. Let i(r) = 135*r + 14. Is i(t) a prime number?
False
Let s(h) = 9*h**2 + 13*h + 13. Let n = -95 + 107. Is s(n) a composite number?
True
Let y(a) be the second derivative of 3*a**4/2 - a**3/6 + a**2 + 4*a. Let z = 17 - 14. Is y(z) prime?
False
Suppose 3*v = 19 - 4. Suppose 0 = -5*x - l + 24, -3*x - l = -v*l - 19. Let f = x - -2. Is f prime?
True
Suppose 5*y + 50 + 130 = 0. Suppose 24 = f + 86. Let h = y - f. Is h composite?
True
Is 1/6*8033 - 3/(-18) a prime number?
False
Let y be (-2)/(-1) - (7 + 4). Let j(n) = -12*n - 19. Is j(y) composite?
False
Suppose -y + 2518 = m, 5*m = -8*y + 13*y - 12580. Is y prime?
False
Let r = 72 - 69. Suppose 17466 = 3*y + 4*a - 12425, r*y - 29873 = 5*a. Is y a composite number?
True
Suppose 6*f = -1520 + 4730. Is f composite?
True
Let o(k) = -k**3 - 7*k**2 - k. Let b be o(-7). Let i be -246 - b/((-21)/6). Let r = 423 + i. Is r composite?
False
Suppose 4*z - 7 - 33 = 0. Let y = z + 205. Is y a prime number?
False
Suppose -3*t + 9 = 0, -4*t = n - t - 15. Suppose -5*r - 12 = -2*h + 7, -h + n = r. Is h a composite number?
False
Let p = 11298 + 173. Is p a composite number?
False
Let f = 14 - 24. Let j = f - -25. Let i = j + 76. Is i composite?
True
Let r(y) be the first derivative of 20*y**2 - 49*y - 19. Is r(17) composite?
False
Suppose -8044 = -10*m + 15666. Is m prime?
True
Let f be 36*2/(-2 - -4). Let c = f - -47. Is c prime?
True
Let f(r) be the first derivative of 14*r**2 - r + 7. Let m be f(-1). Let h = 52 + m. Is h composite?
False
Suppose -x - 4*x - k - 1 = 0, 4*k + 4 = x. Suppose -d = 2*i - x*i + 34, 4*i - 3*d = -58. Is (-2)/(2 - i/(-7)) a prime number?
True
Is -2*((-1460295)/18)/15 prime?
False
Let g be (-8 + 1)*40/14. Suppose -3*r - 73 = 26. Let q = g - r. Is q a prime number?
True
Is (2/4)/((-44)/(-130328)) composite?
False
Suppose 0*r = -6*r + 378. Let v = r + 154. Is v prime?
False
Suppose -2*z + y + 20 = -4*z, 4*z = 5*y - 68. Is (33/z - -3) + 3318/8 prime?
False
Suppose 3*z = -2*z + 125. Suppose z*x - 10*x = 69315. Is x prime?
True
Suppose -t - 2*t = -1230. Is (5/2)/(5/t) composite?
True
Let m = -472 - -1125. Is m a prime number?
True
Suppose 20 = 8*t + 2*t. Suppose -5*y + 0*y + 3*v + 10777 = 0, -3*y - t*v = -6451. Is y a prime number?
True
Let n(j) = -2*j**2 - 15*j**3 - 18*j**3 + 32*j**3 - 8 - 6*j. Is n(-5) a composite number?
False
Suppose -4*m = -f - 0*m + 14041, 5*m + 28073 = 2*f. Is f a prime number?
True
Let z(g) = 10*g**2 - 29*g + 32. Is z(-13) composite?
False
Suppose 4*v + 8*k - 7*k - 9145 = 0, -4*v = 5*k - 9133. Is v prime?
True
Let j(y) = 15*y**2 + 4*y**2 + 13 - 12*y**2 + y**3 - 15*y. Is j(11) prime?
False
Is 134*(-2196)/(-18)*1/4 a prime number?
False
Let o(g) = 3*g + 777. Let u be o(0). Suppose 6*m = 507 + u. Is m a prime number?
False
Is 2 - 202865/(-10) - (-9)/(-6) prime?
True
Suppose -744 = -3*p + 135. Is p a prime number?
True
Let z(m) = 35*m**2 - 8*m + 2. Let a be ((-21)/14)/((-6)/(-32)). Let i(s) = -23*s**2 + 5*s - 1. Let v(d) = a*i(d) - 5*z(d). Is v(-3) a prime number?
True
Suppose 7995 = 3*i - 5*t - 15028, 5*t = 5*i - 38355. Is i a prime number?
False
Let r = 1030 + -576. Is r a composite number?
True
Is (-179)/(2412/(-4172) - 36/(-63)) prime?
False
Let p(r) = 19255*r + 34. Is p(1) a composite number?
False
Is 4/(-6) - (-446201)/21 a prime number?
True
Suppose -q = -2*b - 2*q + 5, -2*b - 2*q = 0. Let r(p) be the second derivative of p**5/5 - p**4/12 - p**3/2 + 7*p**2/2 + 527*p. Is r(b) composite?
False
Let p = -2 - -7. Suppose -p = -2*r - 1. Is ((-740)/12)/(r/(-6)) a composite number?
True
Let r(p) = -8 + 4*p + 2*p + 3*p**2 + 2*p - 4*p**2. Let m be r(6). Suppose 2*o = 2*x - 7*x + 83, m*o = -2*x + 158. Is o a prime number?
False
Let f(p) = -2*p - 8. Suppose d + 16 = -3*t + 2*d, 6 = -3*d. Let b be f(t). Suppose 0*j + q - 597 = -b*j, -4*q = 3*j - 451. Is j composite?
False
Let p(v) = v**3 + 17*v**2 - 17*v + 14. Let f be p(-18). Let a(q) = -80*q + 17. Is a(f) prime?
True
Suppose 0 = h + 5*c - 2173, -3414 = -5*h - c + 7355. Is h a composite number?
False
Let c = 48 + -45. Suppose 0 = -c*p - 2*j + 3365, 5*j = 8 - 3. Is p prime?
False
Suppose -2*g + 2 = -6. Let i be ((-1)/g)/(2/(-16)). Suppose 92 = p - 3*r, -i*p + 173 = -0*p + 5*r. Is p a prime number?
True
Let f = -2183 + 6150. Is f prime?
True
Let l = -27 - -213. Suppose o = 31 + l. Suppose 0 = -2*n + 2007 - o. Is n prime?
False
Is (5/(25/(-31322)))/(98/(-245)) a prime number?
True
Suppose 2387 = 3*q + s, 3*q - 809 = 2*q + 3*s. Is q composite?
False
Let k(a) = 20 - 4 + 14*a**3 - 11*a**2 - 12*a - 20*a**3 - 4*a. Is k(-9) prime?
True
Let b be 279/(-6)*(-4)/6. Suppose -3 = 2*j + 2*u - 33, b = 2*j + 3*u. Suppose -j = -q + 527. Is q prime?
True
Suppose -12398 - 4406 = -4*o. Is o prime?
True
Let w = -14065 + 23583. Is w prime?
False
Suppose 2*s - 4*d - 30 - 36 = 0, -s + 45 = -5*d. Let n = s - -304. Is n prime?
False
Suppose 0 = -3*t - 3*l - 2*l - 6, 0 = 2*t + 2*l + 4. Let a be ((-30)/(-10))/((-3)/t). Is (3/(6/596))/a composite?
False
Let z = -37 + 42. Let u(q) = 4*q**2 + 13*q - 10. Is u(z) composite?
True
Suppose 0 = 5*t - 13 + 3. Suppose 0 = -t*y + 2*l + 100, -5*l + 121 = -3*y + 5*y. Is y a composite number?
False
Let l = 0 + 2. Suppose -4*a = 16, -a + 0*a = l*g - 488. Suppose g = 2*r + r. Is r composite?
True
Is ((-117003)/(-172))/((-1)/(-4)) a composite number?
True
Suppose -u + 2*t + 124 = -839, 4829 = 5*u - 3*t. Let x = -406 + u. Let v = x - 352. Is v a composite number?
True
Suppose -13909 = -4*o + 6507. Suppose -16836 - o = -5*n + 3*d, -2*n = -d - 8776. Suppose w - n = -3*w. Is w prime?
True
Suppose -2*k + 4*q + q = -1296, -3*k = -3*q - 1935. Let x = k - -106. Is x prime?
False
Let o(n) = -714*n + 17. Let m be o(-2). Let w = m + -684. Is w a prime number?
True
Let n(i) = -2 - 2 + 2 - 8 + i. Let s be n(12). Suppose 0 = j - 